{"id":724,"date":"2021-08-26T11:06:39","date_gmt":"2021-08-26T11:06:39","guid":{"rendered":"https:\/\/el3.thembaydev.com\/greenmart_fresh\/?page_id=724"},"modified":"2025-11-23T15:38:55","modified_gmt":"2025-11-23T14:38:55","slug":"recent-viewed-products","status":"publish","type":"page","link":"https:\/\/ecotienda.com\/?page_id=724","title":{"rendered":"Productos vistos recientemente"},"content":{"rendered":"\t\t<div data-elementor-type=\"wp-page\" data-elementor-id=\"724\" class=\"elementor elementor-724\" data-elementor-post-type=\"page\">\n\t\t\t\t\t\t<section class=\"elementor-section elementor-top-section elementor-element elementor-element-cbc5fac elementor-section-stretched elementor-section-boxed elementor-section-height-default elementor-section-height-default\" data-id=\"cbc5fac\" data-element_type=\"section\" data-settings=\"{&quot;stretch_section&quot;:&quot;section-stretched&quot;}\">\n\t\t\t\t\t\t<div class=\"elementor-container elementor-column-gap-default\">\n\t\t\t\t\t<div class=\"elementor-column elementor-col-100 elementor-top-column elementor-element elementor-element-bb7c7d9\" data-id=\"bb7c7d9\" data-element_type=\"column\">\n\t\t\t<div class=\"elementor-widget-wrap elementor-element-populated\">\n\t\t\t\t\t\t<div class=\"elementor-element elementor-element-5564d44 elementor-product-v1 hidden-icon-down-yes elementor-widget elementor-widget-tbay-product-recently-viewed\" data-id=\"5564d44\" data-element_type=\"widget\" data-widget_type=\"tbay-product-recently-viewed.default\">\n\t\t\t\t<div class=\"elementor-widget-container\">\n\t\t\t\t\t\r\n<div class=\"tbay-element tbay-element-product-recently-viewed product-recently-viewed-main\" data-wrapper=\"{&quot;layout&quot;:&quot;main&quot;}\">\r\n\r\n    \r\n        \r\n    \r\n\t<div class=\"content-empty\">You have no recently viewed item.<\/div><div class=\"product-recently-viewed row grid products\" data-xlgdesktop=\"5\" data-desktop=\"5\" data-desktopsmall=\"4\" data-tablet=\"3\" data-landscape=\"2\" data-mobile=\"2\">\r\n\r\n    \r\n     \r\n<\/div>\r\n\r\n    \r\n\r\n<\/div>\t\t\t\t<\/div>\n\t\t\t\t<\/div>\n\t\t\t\t\t<\/div>\n\t\t<\/div>\n\t\t\t\t\t<\/div>\n\t\t<\/section>\n\t\t\t\t<\/div>\n\t\t","protected":false},"excerpt":{"rendered":"<p>-83% Vista r\u00e1pida Pastoret Cr\u00e8me Fra\u00eeche (Crema Agria) &#8211; &#8230; 0 &euro;12.29 El precio original era: &euro;12.29.&euro;2.09El precio actual es: &euro;2.09. Quantity A\u00f1adir al carrito -40% Vista r\u00e1pida Aguacate ECO &#8211; 600 g 0 &euro;9.30 El precio original era: &euro;9.30.&euro;5.58El precio actual es: &euro;5.58. Quantity A\u00f1adir al carrito Vista r\u00e1pida Hamburguesa Nostra Hamburguesa de Buey &hellip; <a href=\"https:\/\/ecotienda.com\/?page_id=724\" class=\"more-link\">Continue reading <span class=\"screen-reader-text\">Productos vistos recientemente<\/span><\/a><\/p>\n","protected":false},"author":1,"featured_media":0,"parent":0,"menu_order":0,"comment_status":"closed","ping_status":"closed","template":"","meta":{"footnotes":""},"class_list":["post-724","page","type-page","status-publish","hentry"],"_links":{"self":[{"href":"https:\/\/ecotienda.com\/index.php?rest_route=\/wp\/v2\/pages\/724","targetHints":{"allow":["GET"]}}],"collection":[{"href":"https:\/\/ecotienda.com\/index.php?rest_route=\/wp\/v2\/pages"}],"about":[{"href":"https:\/\/ecotienda.com\/index.php?rest_route=\/wp\/v2\/types\/page"}],"author":[{"embeddable":true,"href":"https:\/\/ecotienda.com\/index.php?rest_route=\/wp\/v2\/users\/1"}],"replies":[{"embeddable":true,"href":"https:\/\/ecotienda.com\/index.php?rest_route=%2Fwp%2Fv2%2Fcomments&post=724"}],"version-history":[{"count":4,"href":"https:\/\/ecotienda.com\/index.php?rest_route=\/wp\/v2\/pages\/724\/revisions"}],"predecessor-version":[{"id":6598,"href":"https:\/\/ecotienda.com\/index.php?rest_route=\/wp\/v2\/pages\/724\/revisions\/6598"}],"wp:attachment":[{"href":"https:\/\/ecotienda.com\/index.php?rest_route=%2Fwp%2Fv2%2Fmedia&parent=724"}],"curies":[{"name":"wp","href":"https:\/\/api.w.org\/{rel}","templated":true}]}}