{"id":5085,"date":"2025-11-23T09:39:37","date_gmt":"2025-11-23T08:39:37","guid":{"rendered":"https:\/\/ecotienda.com\/?product=coren-huevos-de-gallinas-camperas-tamano-m-l-6-unidades"},"modified":"2026-03-24T09:23:27","modified_gmt":"2026-03-24T08:23:27","slug":"coren-huevos-de-gallinas-camperas-tamano-m-l-6-unidades","status":"publish","type":"product","link":"https:\/\/ecotienda.com\/?product=coren-huevos-de-gallinas-camperas-tamano-m-l-6-unidades","title":{"rendered":"Coren Huevos de Gallinas Camperas, Tama\u00f1o M\/L, 6 Unidades"},"content":{"rendered":"<div class=\"woocommerce-product-details\">\n<h3>Descripci\u00f3n del producto<\/h3>\n<p>Descripci\u00f3n del producto<\/p>\n<p> Nuestras gallinas se cr\u00edan en libertad. Crecen felices en el campo gallego, donde corren, picotean, se dan ba\u00f1os de arena\u2026 Una crianza totalmente libre de estr\u00e9s.<br \/> Su alimentaci\u00f3n es 100% vegetal, con un 70% de cereales, de los que al menos un 50% es ma\u00edz.<br \/> Disfrutan del m\u00e1ximo bienestar animal, en parques con un espacio disponible de 4 m2 por ave, y reciben todos los cuidados por parte de nuestros granjeros.<br \/> Todas nuestras granjas se encuentran en Galicia, contribuyendo as\u00ed a fijar poblaci\u00f3n en el campo, evitando su abandono y promoviendo un desarrollo sostenible y comprometido con el medio ambiente.<br \/> La crianza tradicional y la alimentaci\u00f3n con ma\u00edz son claves para lograr unos huevos de la mejor calidad como los Camperos de Coren, que se distinguen por su color amarillo intenso y por su sabor aut\u00e9ntico, el de toda la vida.<br \/> Las gallinas camperas de Coren crecen al aire libre en los campos gallegos, el mejor lugar para la cr\u00eda de animales en libertad. All\u00ed corren libres por el campo y se alimentan de modo completamente natural, a base de cereales de la m\u00e1xima calidad, fundamentalmente ma\u00edz.<br \/> Nuestras familias de granjeros cr\u00edan a sus gallinas de modo tradicional, como siempre se ha hecho en Galicia. Adem\u00e1s, en Coren fuimos pioneros en la producci\u00f3n de huevos camperos, hace ya m\u00e1s de 25 a\u00f1os. De hecho, toda nuestra producci\u00f3n de huevos procede de gallinas que se cr\u00edan en libertad<br \/> As\u00ed se obtienen unos huevos con una yema de color intenso y con el sabor delicioso de toda la vida. Por eso, los Huevos de Corral de Coren son el \u201cSabor Amarillo\u201d. Ingredientes<\/p>\n<p> Huevos frescos. Sin modificaciones gen\u00e9ticas (GMO free). Todo ingredientes naturales. Advertencia de seguridad<\/p>\n<p> No es apropiado para al\u00e9rgicos o intolerantes al huevo Ver m\u00e1s<\/p>\n<h3>Detalles del producto<\/h3>\n<ul>\n<li>Dimensiones del producto : 3,5 x 3,5 x 5,5 cm; 650 g<\/li>\n<li>Fabricante : ES PN &#8211; Gallega de Alimentaci\u00f3n, S.A. (COREN)<\/li>\n<li>ASIN : B09BR3Z3H7<\/li>\n<li>Pa\u00eds de origen : Espa\u00f1a<\/li>\n<li>Opiniones de los clientes: 4,4 4,4 de 5 estrellas (131)<\/li>\n<\/ul>\n<h3>Recursos de seguridad y productos<\/h3>\n<p>Recursos de seguridad y productosIm\u00e1genes y contactosIm\u00e1genes y contactos de seguridad Recursos de seguridad y productosProblema al cargar la informaci\u00f3nLo sentimos, no hemos podido mostrar la informaci\u00f3n debido a un problema. Vuelve a cargar la p\u00e1gina o int\u00e9ntalo de nuevo m\u00e1s tarde.Im\u00e1genes y contactos Im\u00e1genes de seguridad del producto Informaci\u00f3n del fabricante Persona responsable Problema al cargar la informaci\u00f3nLo sentimos, no hemos podido mostrar la informaci\u00f3n de la persona responsable debido a un problema. Vuelve a cargar la p\u00e1gina o int\u00e9ntalo de nuevo m\u00e1s tarde.Problema al cargar la informaci\u00f3nLo sentimos, no hemos podido mostrar la informaci\u00f3n del fabricante debido a un problema. Vuelve a cargar la p\u00e1gina o int\u00e9ntalo de nuevo m\u00e1s tarde.Problema al cargar la informaci\u00f3nLo sentimos, no hemos podido mostrar las im\u00e1genes de seguridad del producto debido a un problema. Vuelve a cargar la p\u00e1gina o int\u00e9ntalo de nuevo m\u00e1s tarde.<\/p>\n<table id=\"productDetails_techSpec_section_1\" class=\"a-keyvalue prodDetTable\">\n<tr>\n<th class=\"a-color-secondary a-size-base prodDetSectionEntry\"> Dimensiones del producto <\/th>\n<td class=\"a-size-base prodDetAttrValue\"> &lrm;3,5 x 3,5 x 5,5 cm; 650 g <\/td>\n<\/tr>\n<tr>\n<th class=\"a-color-secondary a-size-base prodDetSectionEntry\"> Informaci\u00f3n sobre al\u00e9rgenos <\/th>\n<td class=\"a-size-base prodDetAttrValue\"> &lrm;Contiene: Huevos <\/td>\n<\/tr>\n<tr>\n<th class=\"a-color-secondary a-size-base prodDetSectionEntry\"> Peso <\/th>\n<td class=\"a-size-base prodDetAttrValue\"> &lrm;650 Gramos <\/td>\n<\/tr>\n<tr>\n<th class=\"a-color-secondary a-size-base prodDetSectionEntry\"> Unidades <\/th>\n<td class=\"a-size-base prodDetAttrValue\"> &lrm;328.0 Gramos <\/td>\n<\/tr>\n<tr>\n<th class=\"a-color-secondary a-size-base prodDetSectionEntry\"> Instrucciones de almacenaje <\/th>\n<td class=\"a-size-base prodDetAttrValue\"> &lrm;Mantener en un lugar limpio, seco y exento de olores extra\u00f1os <\/td>\n<\/tr>\n<tr>\n<th class=\"a-color-secondary a-size-base prodDetSectionEntry\"> Contacto del fabricante <\/th>\n<td class=\"a-size-base prodDetAttrValue\"> &lrm;Gallega de Alimentaci\u00f3n S.A.U. (Grupo Coren) <\/td>\n<\/tr>\n<tr>\n<th class=\"a-color-secondary a-size-base prodDetSectionEntry\"> Marca <\/th>\n<td class=\"a-size-base prodDetAttrValue\"> &lrm;coren <\/td>\n<\/tr>\n<tr>\n<th class=\"a-color-secondary a-size-base prodDetSectionEntry\"> Forma del Art\u00edculo <\/th>\n<td class=\"a-size-base prodDetAttrValue\"> &lrm;Gr\u00e1nulos <\/td>\n<\/tr>\n<tr>\n<th class=\"a-color-secondary a-size-base prodDetSectionEntry\"> Fabricante <\/th>\n<td class=\"a-size-base prodDetAttrValue\"> &lrm;ES PN &#8211; Gallega de Alimentaci\u00f3n, S.A. (COREN) <\/td>\n<\/tr>\n<tr>\n<th class=\"a-color-secondary a-size-base prodDetSectionEntry\"> Peso del producto <\/th>\n<td class=\"a-size-base prodDetAttrValue\"> &lrm;650 g <\/td>\n<\/tr>\n<tr>\n<th class=\"a-color-secondary a-size-base prodDetSectionEntry\"> Pa\u00eds de origen <\/th>\n<td class=\"a-size-base prodDetAttrValue\"> &lrm;Espa\u00f1a <\/td>\n<\/tr>\n<\/table><\/div>\n","protected":false},"excerpt":{"rendered":"<ul>\n<li> Gallinas criadas en libertad, sin jaula  <\/li>\n<li> Rico en nutrientes  <\/li>\n<li> Fuente de vitamina D  <\/li>\n<li> Tama\u00f1o M\/L  <\/li>\n<\/ul>\n","protected":false},"featured_media":5085,"comment_status":"open","ping_status":"closed","template":"","meta":[],"product_cat":[1461,1464,1463,1462],"product_tag":[],"class_list":{"0":"post-5085","1":"product","2":"type-product","3":"status-publish","4":"has-post-thumbnail","6":"product_brand-marca-coren","7":"product_cat-alimentacion-y-bebidas","8":"product_cat-huevos-enteros","9":"product_cat-huevos-y-sucedaneos-del-huevo","10":"product_cat-lacteos-huevos-y-alternativas-de-origen-vegetal","12":"first","13":"instock","14":"sale","15":"shipping-taxable","16":"purchasable","17":"product-type-simple"},"_links":{"self":[{"href":"https:\/\/ecotienda.com\/index.php?rest_route=\/wp\/v2\/product\/5085","targetHints":{"allow":["GET"]}}],"collection":[{"href":"https:\/\/ecotienda.com\/index.php?rest_route=\/wp\/v2\/product"}],"about":[{"href":"https:\/\/ecotienda.com\/index.php?rest_route=\/wp\/v2\/types\/product"}],"replies":[{"embeddable":true,"href":"https:\/\/ecotienda.com\/index.php?rest_route=%2Fwp%2Fv2%2Fcomments&post=5085"}],"wp:featuredmedia":[{"embeddable":true,"href":"https:\/\/ecotienda.com\/index.php?rest_route=\/wp\/v2\/product\/5085"}],"wp:attachment":[{"href":"https:\/\/ecotienda.com\/index.php?rest_route=%2Fwp%2Fv2%2Fmedia&parent=5085"}],"wp:term":[{"taxonomy":"product_cat","embeddable":true,"href":"https:\/\/ecotienda.com\/index.php?rest_route=%2Fwp%2Fv2%2Fproduct_cat&post=5085"},{"taxonomy":"product_tag","embeddable":true,"href":"https:\/\/ecotienda.com\/index.php?rest_route=%2Fwp%2Fv2%2Fproduct_tag&post=5085"}],"curies":[{"name":"wp","href":"https:\/\/api.w.org\/{rel}","templated":true}]}}