{"id":5561,"date":"2025-11-23T11:44:05","date_gmt":"2025-11-23T10:44:05","guid":{"rendered":"https:\/\/ecotienda.com\/?product=uva-morada-sin-semilla-500-g"},"modified":"2025-11-23T11:44:07","modified_gmt":"2025-11-23T10:44:07","slug":"uva-morada-sin-semilla-500-g","status":"publish","type":"product","link":"https:\/\/ecotienda.com\/?product=uva-morada-sin-semilla-500-g","title":{"rendered":"Uva morada sin semilla &#8211; 500 g"},"content":{"rendered":"<div class=\"woocommerce-product-details\">\n<h3>Descripci\u00f3n del producto<\/h3>\n<p>Descripci\u00f3n del producto<\/p>\n<p> Uva Morada sin Semilla &#8211; 500 g direcci\u00f3n<\/p>\n<p> Conservar en fr\u00edo Contenido de la caja<\/p>\n<p> Bandeja de 500 gr Ver m\u00e1s<\/p>\n<h3>Recursos de seguridad y productos<\/h3>\n<p>Recursos de seguridad y productosIm\u00e1genes y contactosIm\u00e1genes y contactos de seguridad Recursos de seguridad y productosProblema al cargar la informaci\u00f3nLo sentimos, no hemos podido mostrar la informaci\u00f3n debido a un problema. Vuelve a cargar la p\u00e1gina o int\u00e9ntalo de nuevo m\u00e1s tarde.Im\u00e1genes y contactos Im\u00e1genes de seguridad del producto Informaci\u00f3n del fabricante Persona responsable Problema al cargar la informaci\u00f3nLo sentimos, no hemos podido mostrar la informaci\u00f3n de la persona responsable debido a un problema. Vuelve a cargar la p\u00e1gina o int\u00e9ntalo de nuevo m\u00e1s tarde.Problema al cargar la informaci\u00f3nLo sentimos, no hemos podido mostrar la informaci\u00f3n del fabricante debido a un problema. Vuelve a cargar la p\u00e1gina o int\u00e9ntalo de nuevo m\u00e1s tarde.Problema al cargar la informaci\u00f3nLo sentimos, no hemos podido mostrar las im\u00e1genes de seguridad del producto debido a un problema. Vuelve a cargar la p\u00e1gina o int\u00e9ntalo de nuevo m\u00e1s tarde.<\/p>\n<table id=\"productDetails_techSpec_section_1\" class=\"a-keyvalue prodDetTable\">\n<tr>\n<th class=\"a-color-secondary a-size-base prodDetSectionEntry\"> Dimensiones del paquete <\/th>\n<td class=\"a-size-base prodDetAttrValue\"> &lrm;18 x 13,5 x 8 cm; 500 g <\/td>\n<\/tr>\n<tr>\n<th class=\"a-color-secondary a-size-base prodDetSectionEntry\"> Nombre del producto <\/th>\n<td class=\"a-size-base prodDetAttrValue\"> &lrm;Uva Morada Nacional sin Semilla <\/td>\n<\/tr>\n<tr>\n<th class=\"a-color-secondary a-size-base prodDetSectionEntry\"> Peso <\/th>\n<td class=\"a-size-base prodDetAttrValue\"> &lrm;500 Gramos <\/td>\n<\/tr>\n<tr>\n<th class=\"a-color-secondary a-size-base prodDetSectionEntry\"> Unidades <\/th>\n<td class=\"a-size-base prodDetAttrValue\"> &lrm;500.0 gramo <\/td>\n<\/tr>\n<tr>\n<th class=\"a-color-secondary a-size-base prodDetSectionEntry\"> Instrucciones de almacenaje <\/th>\n<td class=\"a-size-base prodDetAttrValue\"> &lrm;6\u00b0 C -8\u00b0 C <\/td>\n<\/tr>\n<tr>\n<th class=\"a-color-secondary a-size-base prodDetSectionEntry\"> Contacto del fabricante <\/th>\n<td class=\"a-size-base prodDetAttrValue\"> &lrm;Palacios Roca, S.A. &#8211; Marcamadrid Nave Aux. F3, Mod. 1-6-, 28053, Madrid <\/td>\n<\/tr>\n<tr>\n<th class=\"a-color-secondary a-size-base prodDetSectionEntry\"> Marca <\/th>\n<td class=\"a-size-base prodDetAttrValue\"> &lrm;F\u00e9lix Palacios <\/td>\n<\/tr>\n<tr>\n<th class=\"a-color-secondary a-size-base prodDetSectionEntry\"> Peso del producto <\/th>\n<td class=\"a-size-base prodDetAttrValue\"> &lrm;500 g <\/td>\n<\/tr>\n<tr>\n<th class=\"a-color-secondary a-size-base prodDetSectionEntry\"> Pa\u00eds de origen <\/th>\n<td class=\"a-size-base prodDetAttrValue\"> &lrm;Espa\u00f1a <\/td>\n<\/tr>\n<\/table><\/div>\n","protected":false},"excerpt":{"rendered":"<ul>\n<li> Origen: Espa\u00f1a, Egipto, Italia, Per\u00fa, Sud\u00e1frica, Brasil, Namibia, seg\u00fan la temporada  <\/li>\n<li> Variedad: Crimson, Categor\u00eda: Primera  <\/li>\n<li> Sabor dulce neutro. Bayas crujientes de tama\u00f1o medio a grande  <\/li>\n<li> Combina muy bien con quesos  <\/li>\n<li> Envasado por: Palacios Roca, S.A.  <\/li>\n<\/ul>\n","protected":false},"featured_media":5561,"comment_status":"open","ping_status":"closed","template":"","meta":[],"product_cat":[187],"product_tag":[],"class_list":{"0":"post-5561","1":"product","2":"type-product","3":"status-publish","4":"has-post-thumbnail","6":"product_brand-marca-flix-palacios","7":"product_cat-uva","9":"first","10":"instock","11":"sale","12":"shipping-taxable","13":"purchasable","14":"product-type-simple"},"_links":{"self":[{"href":"https:\/\/ecotienda.com\/index.php?rest_route=\/wp\/v2\/product\/5561","targetHints":{"allow":["GET"]}}],"collection":[{"href":"https:\/\/ecotienda.com\/index.php?rest_route=\/wp\/v2\/product"}],"about":[{"href":"https:\/\/ecotienda.com\/index.php?rest_route=\/wp\/v2\/types\/product"}],"replies":[{"embeddable":true,"href":"https:\/\/ecotienda.com\/index.php?rest_route=%2Fwp%2Fv2%2Fcomments&post=5561"}],"wp:featuredmedia":[{"embeddable":true,"href":"https:\/\/ecotienda.com\/index.php?rest_route=\/wp\/v2\/product\/5561"}],"wp:attachment":[{"href":"https:\/\/ecotienda.com\/index.php?rest_route=%2Fwp%2Fv2%2Fmedia&parent=5561"}],"wp:term":[{"taxonomy":"product_cat","embeddable":true,"href":"https:\/\/ecotienda.com\/index.php?rest_route=%2Fwp%2Fv2%2Fproduct_cat&post=5561"},{"taxonomy":"product_tag","embeddable":true,"href":"https:\/\/ecotienda.com\/index.php?rest_route=%2Fwp%2Fv2%2Fproduct_tag&post=5561"}],"curies":[{"name":"wp","href":"https:\/\/api.w.org\/{rel}","templated":true}]}}

<div class="woocommerce-product-details">
<h3>Descripción del producto</h3>
<p>Descripción del producto</p>
<p> Uva Morada sin Semilla &#8211; 500 g dirección</p>
<p> Conservar en frío Contenido de la caja</p>
<p> Bandeja de 500 gr Ver más</p>
<h3>Recursos de seguridad y productos</h3>
<p>Recursos de seguridad y productosImágenes y contactosImágenes y contactos de seguridad Recursos de seguridad y productosProblema al cargar la informaciónLo sentimos, no hemos podido mostrar la información debido a un problema. Vuelve a cargar la página o inténtalo de nuevo más tarde.Imágenes y contactos Imágenes de seguridad del producto Información del fabricante Persona responsable Problema al cargar la informaciónLo sentimos, no hemos podido mostrar la información de la persona responsable debido a un problema. Vuelve a cargar la página o inténtalo de nuevo más tarde.Problema al cargar la informaciónLo sentimos, no hemos podido mostrar la información del fabricante debido a un problema. Vuelve a cargar la página o inténtalo de nuevo más tarde.Problema al cargar la informaciónLo sentimos, no hemos podido mostrar las imágenes de seguridad del producto debido a un problema. Vuelve a cargar la página o inténtalo de nuevo más tarde.</p>
<table id="productDetails_techSpec_section_1" class="a-keyvalue prodDetTable">
<tr>
<th class="a-color-secondary a-size-base prodDetSectionEntry"> Dimensiones del paquete </th>
<td class="a-size-base prodDetAttrValue"> &lrm;18 x 13,5 x 8 cm; 500 g </td>
</tr>
<tr>
<th class="a-color-secondary a-size-base prodDetSectionEntry"> Nombre del producto </th>
<td class="a-size-base prodDetAttrValue"> &lrm;Uva Morada Nacional sin Semilla </td>
</tr>
<tr>
<th class="a-color-secondary a-size-base prodDetSectionEntry"> Peso </th>
<td class="a-size-base prodDetAttrValue"> &lrm;500 Gramos </td>
</tr>
<tr>
<th class="a-color-secondary a-size-base prodDetSectionEntry"> Unidades </th>
<td class="a-size-base prodDetAttrValue"> &lrm;500.0 gramo </td>
</tr>
<tr>
<th class="a-color-secondary a-size-base prodDetSectionEntry"> Instrucciones de almacenaje </th>
<td class="a-size-base prodDetAttrValue"> &lrm;6° C -8° C </td>
</tr>
<tr>
<th class="a-color-secondary a-size-base prodDetSectionEntry"> Contacto del fabricante </th>
<td class="a-size-base prodDetAttrValue"> &lrm;Palacios Roca, S.A. &#8211; Marcamadrid Nave Aux. F3, Mod. 1-6-, 28053, Madrid </td>
</tr>
<tr>
<th class="a-color-secondary a-size-base prodDetSectionEntry"> Marca </th>
<td class="a-size-base prodDetAttrValue"> &lrm;Félix Palacios </td>
</tr>
<tr>
<th class="a-color-secondary a-size-base prodDetSectionEntry"> Peso del producto </th>
<td class="a-size-base prodDetAttrValue"> &lrm;500 g </td>
</tr>
<tr>
<th class="a-color-secondary a-size-base prodDetSectionEntry"> País de origen </th>
<td class="a-size-base prodDetAttrValue"> &lrm;España </td>
</tr>
</table></div>

<ul>
<li> Origen: España, Egipto, Italia, Perú, Sudáfrica, Brasil, Namibia, según la temporada  </li>
<li> Variedad: Crimson, Categoría: Primera  </li>
<li> Sabor dulce neutro. Bayas crujientes de tamaño medio a grande  </li>
<li> Combina muy bien con quesos  </li>
<li> Envasado por: Palacios Roca, S.A.  </li>
</ul>
