{"id":5635,"date":"2025-11-23T11:48:26","date_gmt":"2025-11-23T10:48:26","guid":{"rendered":"https:\/\/ecotienda.com\/?product=jabon-de-afeitar-stirling-d-503-de-170-ml"},"modified":"2025-11-23T11:48:53","modified_gmt":"2025-11-23T10:48:53","slug":"jabon-de-afeitar-stirling-d-503-de-170-ml","status":"publish","type":"product","link":"https:\/\/ecotienda.com\/?product=jabon-de-afeitar-stirling-d-503-de-170-ml","title":{"rendered":"Jab\u00f3n de afeitar Stirling D-503 de 170 ml."},"content":{"rendered":"<div class=\"woocommerce-product-details\">\n<h3>Descripci\u00f3n del producto<\/h3>\n<p>Descripci\u00f3n del producto<\/p>\n<p> Stirling jab\u00f3n de afeitar D-503 170ml Con una mezcla fresca de c\u00edtricos y lavanda, seguida de una mezcla de notas florales\/terrosas en el medio como geranio, rosa, frutos secos y musgo de roble. La base es le\u00f1osa con una mezcla de madera de s\u00e1ndalo, evernyl y tonka. Es un perfume de colonia muy masculino inspirado en Legend de Mont Blanc. Formato: 170ml Ingredientes: sebo de res, \u00e1cido este\u00e1rico, agua destilada, aceite de ricino, hidr\u00f3xido de potasio, glicerina vegetal, aceite de fragancia, aceite de almendra, manteca de karit\u00e9, leche de coco, lanolina, hidr\u00f3xido de sodio, lactato de sodio Hecho en EE. UU. *En aras de mantener la relaci\u00f3n calidad\/precio, algunos de los productos Stirling pueden contener aceites perfumados sint\u00e9ticos. direcci\u00f3n<\/p>\n<p> Aplique una peque\u00f1a cantidad de espuma sobre la barba h\u00fameda, masajee suavemente y luego afeite como de costumbre.<\/p>\n<h3>Detalles del producto<\/h3>\n<ul>\n<li>Dimensiones del paquete : 10,5 x 10,2 x 3,9 cm; 250 g<\/li>\n<li>Producto en Amazon.es desde : 28 mayo 2022<\/li>\n<li>Fabricante : Stirling Soap Company<\/li>\n<li>ASIN : B0B29FKCFR<\/li>\n<li>Referencia del fabricante : A5305<\/li>\n<li>Pa\u00eds de origen : EE.\u00a0UU.<\/li>\n<li>Clasificaci\u00f3n en los m\u00e1s vendidos de Amazon: n\u00ba40.454 en Belleza (Ver el Top 100 en Belleza) n\u00ba28 en Jabones en Cuidados pre-depilaci\u00f3n y afeitado<\/li>\n<li>n\u00ba28 en Jabones en Cuidados pre-depilaci\u00f3n y afeitado<\/li>\n<li>Opiniones de los clientes: 5,0 5,0 de 5 estrellas 9 valoraciones<\/li>\n<\/ul>\n<h3>Recursos de seguridad y productos<\/h3>\n<p>Recursos de seguridad y productosIm\u00e1genes y contactosIm\u00e1genes y contactos de seguridad Recursos de seguridad y productosProblema al cargar la informaci\u00f3nLo sentimos, no hemos podido mostrar la informaci\u00f3n debido a un problema. Vuelve a cargar la p\u00e1gina o int\u00e9ntalo de nuevo m\u00e1s tarde.Im\u00e1genes y contactos Im\u00e1genes de seguridad del producto Informaci\u00f3n del fabricante Persona responsable Problema al cargar la informaci\u00f3nLo sentimos, no hemos podido mostrar la informaci\u00f3n de la persona responsable debido a un problema. Vuelve a cargar la p\u00e1gina o int\u00e9ntalo de nuevo m\u00e1s tarde.Problema al cargar la informaci\u00f3nLo sentimos, no hemos podido mostrar la informaci\u00f3n del fabricante debido a un problema. Vuelve a cargar la p\u00e1gina o int\u00e9ntalo de nuevo m\u00e1s tarde.Problema al cargar la informaci\u00f3nLo sentimos, no hemos podido mostrar las im\u00e1genes de seguridad del producto debido a un problema. Vuelve a cargar la p\u00e1gina o int\u00e9ntalo de nuevo m\u00e1s tarde.<\/p>\n<table id=\"productDetails_techSpec_section_1\" class=\"a-keyvalue prodDetTable\">\n<tr>\n<th class=\"a-color-secondary a-size-base prodDetSectionEntry\"> Dimensiones del paquete <\/th>\n<td class=\"a-size-base prodDetAttrValue\"> &lrm;10.5 x 10.2 x 3.9 cent\u00edmetros <\/td>\n<\/tr>\n<tr>\n<th class=\"a-color-secondary a-size-base prodDetSectionEntry\"> Forma del Art\u00edculo <\/th>\n<td class=\"a-size-base prodDetAttrValue\"> &lrm;Barra <\/td>\n<\/tr>\n<tr>\n<th class=\"a-color-secondary a-size-base prodDetSectionEntry\"> Marca <\/th>\n<td class=\"a-size-base prodDetAttrValue\"> &lrm;Stirling Soap Company <\/td>\n<\/tr>\n<tr>\n<th class=\"a-color-secondary a-size-base prodDetSectionEntry\"> Color <\/th>\n<td class=\"a-size-base prodDetAttrValue\"> &lrm;white <\/td>\n<\/tr>\n<tr>\n<th class=\"a-color-secondary a-size-base prodDetSectionEntry\"> Aroma <\/th>\n<td class=\"a-size-base prodDetAttrValue\"> &lrm;C\u00edtricos, lavanda, rosa, almizcle, s\u00e1ndalo, almendra, coco, <\/td>\n<\/tr>\n<tr>\n<th class=\"a-color-secondary a-size-base prodDetSectionEntry\"> Tipo de piel <\/th>\n<td class=\"a-size-base prodDetAttrValue\"> &lrm;Todas <\/td>\n<\/tr>\n<tr>\n<th class=\"a-color-secondary a-size-base prodDetSectionEntry\"> Fabricante <\/th>\n<td class=\"a-size-base prodDetAttrValue\"> &lrm;Stirling Soap Company <\/td>\n<\/tr>\n<tr>\n<th class=\"a-color-secondary a-size-base prodDetSectionEntry\"> Referencia del fabricante <\/th>\n<td class=\"a-size-base prodDetAttrValue\"> &lrm;A5305 <\/td>\n<\/tr>\n<tr>\n<th class=\"a-color-secondary a-size-base prodDetSectionEntry\"> Dimensiones del paquete <\/th>\n<td class=\"a-size-base prodDetAttrValue\"> &lrm;10,5 x 10,2 x 3,9 cm; 250 g <\/td>\n<\/tr>\n<tr>\n<th class=\"a-color-secondary a-size-base prodDetSectionEntry\"> ASIN <\/th>\n<td class=\"a-size-base prodDetAttrValue\"> &lrm;B0B29FKCFR <\/td>\n<\/tr>\n<\/table><\/div>\n","protected":false},"excerpt":{"rendered":"<p>Descripci\u00f3n del producto Descripci\u00f3n del producto Stirling jab\u00f3n de afeitar D-503 170ml Con una mezcla fresca de c\u00edtricos y lavanda, seguida de una mezcla de notas florales\/terrosas en el medio como geranio, rosa, frutos secos y musgo de roble. La base es le\u00f1osa con una mezcla de madera de s\u00e1ndalo, evernyl y tonka. Es un &hellip; <a href=\"https:\/\/ecotienda.com\/?product=jabon-de-afeitar-stirling-d-503-de-170-ml\" class=\"more-link\">Continue reading <span class=\"screen-reader-text\">Jab\u00f3n de afeitar Stirling D-503 de 170 ml.<\/span><\/a><\/p>\n","protected":false},"featured_media":5635,"comment_status":"open","ping_status":"closed","template":"","meta":[],"product_cat":[135],"product_tag":[],"class_list":{"0":"post-5635","1":"product","2":"type-product","3":"status-publish","4":"has-post-thumbnail","6":"product_brand-marca-stirling-soap-company","7":"product_cat-jabones-afeitar","9":"first","10":"instock","11":"shipping-taxable","12":"purchasable","13":"product-type-variable"},"_links":{"self":[{"href":"https:\/\/ecotienda.com\/index.php?rest_route=\/wp\/v2\/product\/5635","targetHints":{"allow":["GET"]}}],"collection":[{"href":"https:\/\/ecotienda.com\/index.php?rest_route=\/wp\/v2\/product"}],"about":[{"href":"https:\/\/ecotienda.com\/index.php?rest_route=\/wp\/v2\/types\/product"}],"replies":[{"embeddable":true,"href":"https:\/\/ecotienda.com\/index.php?rest_route=%2Fwp%2Fv2%2Fcomments&post=5635"}],"wp:featuredmedia":[{"embeddable":true,"href":"https:\/\/ecotienda.com\/index.php?rest_route=\/wp\/v2\/product\/5635"}],"wp:attachment":[{"href":"https:\/\/ecotienda.com\/index.php?rest_route=%2Fwp%2Fv2%2Fmedia&parent=5635"}],"wp:term":[{"taxonomy":"product_cat","embeddable":true,"href":"https:\/\/ecotienda.com\/index.php?rest_route=%2Fwp%2Fv2%2Fproduct_cat&post=5635"},{"taxonomy":"product_tag","embeddable":true,"href":"https:\/\/ecotienda.com\/index.php?rest_route=%2Fwp%2Fv2%2Fproduct_tag&post=5635"}],"curies":[{"name":"wp","href":"https:\/\/api.w.org\/{rel}","templated":true}]}}