{"id":5683,"date":"2025-11-23T11:52:35","date_gmt":"2025-11-23T10:52:35","guid":{"rendered":"https:\/\/ecotienda.com\/?product=o-b-organic-tampones-de-algodon-100-organico-1-x-16-unidades-tampones-sin-aplicador-de-absorbencia-super-tampones-desechables-libres-de-sustancias-nocivas"},"modified":"2025-11-23T11:52:53","modified_gmt":"2025-11-23T10:52:53","slug":"o-b-organic-tampones-de-algodon-100-organico-1-x-16-unidades-tampones-sin-aplicador-de-absorbencia-super-tampones-desechables-libres-de-sustancias-nocivas","status":"publish","type":"product","link":"https:\/\/ecotienda.com\/?product=o-b-organic-tampones-de-algodon-100-organico-1-x-16-unidades-tampones-sin-aplicador-de-absorbencia-super-tampones-desechables-libres-de-sustancias-nocivas","title":{"rendered":"o. b. ORGANIC Tampones de algod\u00f3n 100% org\u00e1nico (1 x 16 unidades), tampones sin aplicador de absorbencia s\u00faper, tampones desechables libres de sustancias nocivas"},"content":{"rendered":"<div class=\"woocommerce-product-details\">\n<div id=\"aplus_feature_div\" class=\"celwidget\" data-feature-name=\"aplus\" data-csa-c-type=\"widget\" data-csa-c-content-id=\"aplus\" data-csa-c-slot-id=\"aplus_feature_div\" data-csa-c-asin=\"\" data-csa-c-is-in-initial-active-row=\"false\">\n<div id=\"aplus\" class=\"a-section a-spacing-large bucket\">\n<h3 class=\"\">M\u00e1s informaci\u00f3n del producto<\/h3>\n<div lang=\"es_ES\">\n<div class=\"aplus-v2 desktop celwidget\">\n<div class=\"celwidget aplus-module 3p-module-b aplus-standard\">\n<div class=\"aplus-module-wrapper aplus-3p-fixed-width\"> <img data-opt-id=1567287836  fetchpriority=\"high\" decoding=\"async\" alt=\"o.b. - Organic Tampones, 100% Algod\u00f3n Org\u00e1nico\" src=\"https:\/\/m.media-amazon.com\/images\/S\/aplus-media-library-service-media\/5d6066f8-c7fb-4a01-9d60-a607a0367d59.__CR0,0,970,600_PT0_SX970_V1___.jpg\" \/ style=\"max-width: 100%; height: auto;\"> <\/div>\n<\/div>\n<div class=\"celwidget aplus-module 3p-module-b aplus-standard\">\n<div class=\"aplus-module-wrapper aplus-3p-fixed-width\"> <img data-opt-id=98883273  fetchpriority=\"high\" decoding=\"async\" alt=\"o.b. - Organic Tampones, 100% Algod\u00f3n Org\u00e1nico\" src=\"https:\/\/m.media-amazon.com\/images\/S\/aplus-media-library-service-media\/c443fdc0-4219-491f-9299-8ba8a4beacda.__CR0,0,970,600_PT0_SX970_V1___.jpg\" \/ style=\"max-width: 100%; height: auto;\"> <\/div>\n<\/div>\n<div class=\"celwidget aplus-module module-9 aplus-standard\">\n<div class=\"aplus-module-wrapper apm-fixed-width apm-spacing\">\n<div class=\"apm-flex\">\n<div class=\"apm-flex-item-third-width\">\n<p class=\"apm-text-center\"> <img data-opt-id=365399448  data-opt-src=\"https:\/\/m.media-amazon.com\/images\/S\/aplus-media-library-service-media\/0f6dfe5f-8e75-41a0-9bd5-ac2ae83a5cef.__CR0,0,300,300_PT0_SX300_V1___.jpg\"  decoding=\"async\" alt=\"o.b. - Organic Tampones, 100% Algod\u00f3n Org\u00e1nico\" src=\"data:image/svg+xml,%3Csvg%20viewBox%3D%220%200%20100%%20100%%22%20width%3D%22100%%22%20height%3D%22100%%22%20xmlns%3D%22http%3A%2F%2Fwww.w3.org%2F2000%2Fsvg%22%3E%3Crect%20width%3D%22100%%22%20height%3D%22100%%22%20fill%3D%22transparent%22%2F%3E%3C%2Fsvg%3E\" \/ style=\"max-width: 100%; height: auto;\"> <\/p>\n<\/p>\n<\/div>\n<div class=\"apm-flex-item-third-width\">\n<p class=\"apm-text-center\"> <img data-opt-id=428288914  data-opt-src=\"https:\/\/m.media-amazon.com\/images\/S\/aplus-media-library-service-media\/6480159a-fbdd-4ef2-8f43-9b197e6e7319.__CR0,0,300,300_PT0_SX300_V1___.jpg\"  decoding=\"async\" alt=\"o.b. - Organic Tampones, 100% Algod\u00f3n Org\u00e1nico\" src=\"data:image/svg+xml,%3Csvg%20viewBox%3D%220%200%20100%%20100%%22%20width%3D%22100%%22%20height%3D%22100%%22%20xmlns%3D%22http%3A%2F%2Fwww.w3.org%2F2000%2Fsvg%22%3E%3Crect%20width%3D%22100%%22%20height%3D%22100%%22%20fill%3D%22transparent%22%2F%3E%3C%2Fsvg%3E\" \/ style=\"max-width: 100%; height: auto;\"> <\/p>\n<\/p>\n<\/div>\n<div class=\"apm-flex-item-third-width\">\n<p class=\"apm-text-center\"> <img data-opt-id=269332189  data-opt-src=\"https:\/\/m.media-amazon.com\/images\/S\/aplus-media-library-service-media\/85350b2e-83f8-4eac-9b87-225adb4d9d0b.__CR0,0,300,300_PT0_SX300_V1___.jpg\"  decoding=\"async\" alt=\"o.b. - Organic Tampones, 100% Algod\u00f3n Org\u00e1nico\" src=\"data:image/svg+xml,%3Csvg%20viewBox%3D%220%200%20100%%20100%%22%20width%3D%22100%%22%20height%3D%22100%%22%20xmlns%3D%22http%3A%2F%2Fwww.w3.org%2F2000%2Fsvg%22%3E%3Crect%20width%3D%22100%%22%20height%3D%22100%%22%20fill%3D%22transparent%22%2F%3E%3C%2Fsvg%3E\" \/ style=\"max-width: 100%; height: auto;\"> <\/p>\n<\/p>\n<\/div>\n<\/div>\n<\/div>\n<\/div>\n<div class=\"celwidget aplus-module module-12 aplus-standard\">\n<div class=\"aplus-module-wrapper apm-spacing apm-floatnone apm-fixed-width\">\n<div class=\"apm-sidemodule aplus-module-content\">\n<div class=\"apm-hero-image\"> <img data-opt-id=1923575374  data-opt-src=\"https:\/\/m.media-amazon.com\/images\/S\/aplus-media-library-service-media\/7c22c265-a8a4-4108-b2a8-fd9dfb38be5f.__CR0,0,970,300_PT0_SX970_V1___.jpg\"  decoding=\"async\" alt=\"o.b. - Organic Tampones, 100% Algod\u00f3n Org\u00e1nico\" src=\"data:image/svg+xml,%3Csvg%20viewBox%3D%220%200%20100%%20100%%22%20width%3D%22100%%22%20height%3D%22100%%22%20xmlns%3D%22http%3A%2F%2Fwww.w3.org%2F2000%2Fsvg%22%3E%3Crect%20width%3D%22100%%22%20height%3D%22100%%22%20fill%3D%22transparent%22%2F%3E%3C%2Fsvg%3E\" \/ style=\"max-width: 100%; height: auto;\"> <\/div>\n<\/div>\n<\/div>\n<\/div>\n<div class=\"celwidget aplus-module module-5 aplus-standard\">\n<div class=\"aplus-module-wrapper apm-fixed-width\">\n<div class=\"apm-spacing aplus-module-content\">\n<div class=\"apm-tablemodule\">\n<table class=\"apm-tablemodule-table\" cellspacing=\"0\" cellpadding=\"0\">\n<tbody>\n<tr class=\"apm-tablemodule-imagerows\">\n<td class=\"apm-tablemodule-blankkeyhead\" \/>\n<th> <a href='\/dp\/B091JNVW98?ref=emc_s_m_5_i_atc'> <\/p>\n<div class=\"apm-tablemodule-image\"> <img data-opt-id=1651594511  data-opt-src=\"https:\/\/m.media-amazon.com\/images\/S\/aplus-media-library-service-media\/aaa09f45-93db-4041-b8da-14212556458a.__CR0,0,150,300_PT0_SX150_V1___.jpg\"  decoding=\"async\" alt=\"\" src=\"data:image/svg+xml,%3Csvg%20viewBox%3D%220%200%20100%%20100%%22%20width%3D%22100%%22%20height%3D%22100%%22%20xmlns%3D%22http%3A%2F%2Fwww.w3.org%2F2000%2Fsvg%22%3E%3Crect%20width%3D%22100%%22%20height%3D%22100%%22%20fill%3D%22transparent%22%2F%3E%3C%2Fsvg%3E\" width=\"121.66666666666667px\" \/ style=\"max-width: 100%; height: auto;\"> <\/div>\n<div> o.b. Organic Normal <\/div>\n<p> <\/a> <\/th>\n<th> <a href='\/dp\/B091JN6XRC?ref=emc_s_m_5_i_atc'> <\/p>\n<div class=\"apm-tablemodule-image\"> <img data-opt-id=1733608567  data-opt-src=\"https:\/\/m.media-amazon.com\/images\/S\/aplus-media-library-service-media\/51ff68c5-3b8a-49ac-819d-1d3d24365e9c.__CR0,0,150,300_PT0_SX150_V1___.jpg\"  decoding=\"async\" alt=\"\" src=\"data:image/svg+xml,%3Csvg%20viewBox%3D%220%200%20100%%20100%%22%20width%3D%22100%%22%20height%3D%22100%%22%20xmlns%3D%22http%3A%2F%2Fwww.w3.org%2F2000%2Fsvg%22%3E%3Crect%20width%3D%22100%%22%20height%3D%22100%%22%20fill%3D%22transparent%22%2F%3E%3C%2Fsvg%3E\" width=\"121.66666666666667px\" \/ style=\"max-width: 100%; height: auto;\"> <\/div>\n<div> o.b. Organic Super <\/div>\n<p> <\/a> <\/th>\n<th> <a href='\/dp\/B00HHW1QN4?ref=emc_s_m_5_i_atc'> <\/p>\n<div class=\"apm-tablemodule-image\"> <img data-opt-id=702164353  data-opt-src=\"https:\/\/m.media-amazon.com\/images\/S\/aplus-media-library-service-media\/0fcebad9-752c-4327-84f3-d32a12f9f40f.__CR0,0,150,300_PT0_SX150_V1___.jpg\"  decoding=\"async\" alt=\"\" src=\"data:image/svg+xml,%3Csvg%20viewBox%3D%220%200%20100%%20100%%22%20width%3D%22100%%22%20height%3D%22100%%22%20xmlns%3D%22http%3A%2F%2Fwww.w3.org%2F2000%2Fsvg%22%3E%3Crect%20width%3D%22100%%22%20height%3D%22100%%22%20fill%3D%22transparent%22%2F%3E%3C%2Fsvg%3E\" width=\"121.66666666666667px\" \/ style=\"max-width: 100%; height: auto;\"> <\/div>\n<div> o.b. ProComfort Normal <\/div>\n<p> <\/a> <\/th>\n<th> <a href='\/dp\/B00D3HXI7E?ref=emc_s_m_5_i_atc'> <\/p>\n<div class=\"apm-tablemodule-image\"> <img data-opt-id=1687476467  data-opt-src=\"https:\/\/m.media-amazon.com\/images\/S\/aplus-media-library-service-media\/d79eb365-dee8-4ee1-b147-3d790171e51e.__CR0,0,150,300_PT0_SX150_V1___.jpg\"  decoding=\"async\" alt=\"\" src=\"data:image/svg+xml,%3Csvg%20viewBox%3D%220%200%20100%%20100%%22%20width%3D%22100%%22%20height%3D%22100%%22%20xmlns%3D%22http%3A%2F%2Fwww.w3.org%2F2000%2Fsvg%22%3E%3Crect%20width%3D%22100%%22%20height%3D%22100%%22%20fill%3D%22transparent%22%2F%3E%3C%2Fsvg%3E\" width=\"121.66666666666667px\" \/ style=\"max-width: 100%; height: auto;\"> <\/div>\n<div> o.b. ProComfort Super <\/div>\n<p> <\/a> <\/th>\n<th> <a href='\/dp\/B00XDXI84Q?ref=emc_s_m_5_i_atc'> <\/p>\n<div class=\"apm-tablemodule-image\"> <img data-opt-id=854821936  data-opt-src=\"https:\/\/m.media-amazon.com\/images\/S\/aplus-media-library-service-media\/cbfdf747-aa53-4826-a7ff-c79b4864e847.__CR0,0,150,300_PT0_SX150_V1___.jpg\"  decoding=\"async\" alt=\"\" src=\"data:image/svg+xml,%3Csvg%20viewBox%3D%220%200%20100%%20100%%22%20width%3D%22100%%22%20height%3D%22100%%22%20xmlns%3D%22http%3A%2F%2Fwww.w3.org%2F2000%2Fsvg%22%3E%3Crect%20width%3D%22100%%22%20height%3D%22100%%22%20fill%3D%22transparent%22%2F%3E%3C%2Fsvg%3E\" width=\"121.66666666666667px\" \/ style=\"max-width: 100%; height: auto;\"> <\/div>\n<div> o.b. ProComfort Super Plus <\/div>\n<p> <\/a> <\/th>\n<th> <a href='\/dp\/B00H8PZ9C4?ref=emc_s_m_5_i_atc'> <\/p>\n<div class=\"apm-tablemodule-image\"> <img data-opt-id=1908413912  data-opt-src=\"https:\/\/m.media-amazon.com\/images\/S\/aplus-media-library-service-media\/69cbcc8f-c146-4ab4-90ef-62650ac0aa0d.__CR0,0,150,300_PT0_SX150_V1___.jpg\"  decoding=\"async\" alt=\"\" src=\"data:image/svg+xml,%3Csvg%20viewBox%3D%220%200%20100%%20100%%22%20width%3D%22100%%22%20height%3D%22100%%22%20xmlns%3D%22http%3A%2F%2Fwww.w3.org%2F2000%2Fsvg%22%3E%3Crect%20width%3D%22100%%22%20height%3D%22100%%22%20fill%3D%22transparent%22%2F%3E%3C%2Fsvg%3E\" width=\"121.66666666666667px\" \/ style=\"max-width: 100%; height: auto;\"> <\/div>\n<div> o.b. ProComfort Mini <\/div>\n<p> <\/a> <\/th>\n<\/tr>\n<tr class=\"apm-tablemodule-atc\">\n<td class=\"apm-tablemodule-blankkeyhead\" \/>\n<td> <\/td>\n<td> <\/td>\n<td> <\/td>\n<td> <\/td>\n<td>\n<div class=\"add-to-cart\"> <span class=\"a-button a-button-base\"><span class=\"a-button-inner\"><a href=\"\/dp\/B00XDXI84Q?ref=emc_s_m_5_i_atc\" class=\"a-button-text\"> Opciones de compra <\/a><\/span><\/span> <\/div>\n<\/td>\n<td>\n<div class=\"add-to-cart\"> <span class=\"a-button a-button-base\"><span class=\"a-button-inner\"><a href=\"\/dp\/B00H8PZ9C4?ref=emc_s_m_5_i_atc\" class=\"a-button-text\"> Opciones de compra <\/a><\/span><\/span> <\/div>\n<\/td>\n<\/tr>\n<tr class=\"apm-tablemodule-keyvalue\">\n<th class=\"apm-tablemodule-keyhead\"> <span class=\"a-color-secondary\"> Opiniones de clientes <\/span> <\/th>\n<td class=\"apm-tablemodule-valuecell apm-checked selected\" style=\"width:191px\">\n<div class=\"\">\n<div class=\"a-size-base\"> <i class=\"a-icon a-icon-star-small a-star-small-4-5 a-spacing-none\"><span class=\"a-icon-alt\">4,4 de 5 estrellas<\/span><\/i> <span class=\"a-size-mini a-color-base\">284<\/span> <\/div>\n<\/div>\n<\/td>\n<td class=\"apm-tablemodule-valuecell apm-checked selected\" style=\"width:191px\">\n<div class=\"\">\n<div class=\"a-size-base\"> <i class=\"a-icon a-icon-star-small a-star-small-4-5 a-spacing-none\"><span class=\"a-icon-alt\">4,4 de 5 estrellas<\/span><\/i> <span class=\"a-size-mini a-color-base\">284<\/span> <\/div>\n<\/div>\n<\/td>\n<td class=\"apm-tablemodule-valuecell apm-checked\" style=\"width:191px\">\n<div class=\"\">\n<div class=\"a-size-base\"> <i class=\"a-icon a-icon-star-small a-star-small-4-5 a-spacing-none\"><span class=\"a-icon-alt\">4,7 de 5 estrellas<\/span><\/i> <span class=\"a-size-mini a-color-base\">216<\/span> <\/div>\n<\/div>\n<\/td>\n<td class=\"apm-tablemodule-valuecell apm-checked\" style=\"width:191px\">\n<div class=\"\">\n<div class=\"a-size-base\"> <i class=\"a-icon a-icon-star-small a-star-small-4-5 a-spacing-none\"><span class=\"a-icon-alt\">4,7 de 5 estrellas<\/span><\/i> <span class=\"a-size-mini a-color-base\">460<\/span> <\/div>\n<\/div>\n<\/td>\n<td class=\"apm-tablemodule-valuecell apm-checked\" style=\"width:191px\">\n<div class=\"\">\n<div class=\"a-size-base\"> <i class=\"a-icon a-icon-star-small a-star-small-4 a-spacing-none\"><span class=\"a-icon-alt\">4,2 de 5 estrellas<\/span><\/i> <span class=\"a-size-mini a-color-base\">94<\/span> <\/div>\n<\/div>\n<\/td>\n<td class=\"apm-tablemodule-valuecell apm-checked\" style=\"width:191px\">\n<div class=\"\">\n<div class=\"a-size-base\"> <i class=\"a-icon a-icon-star-small a-star-small-4-5 a-spacing-none\"><span class=\"a-icon-alt\">4,5 de 5 estrellas<\/span><\/i> <span class=\"a-size-mini a-color-base\">160<\/span> <\/div>\n<\/div>\n<\/td>\n<\/tr>\n<tr class=\"apm-tablemodule-keyvalue\">\n<th class=\"apm-tablemodule-keyhead\"> <span class=\"a-color-secondary\"> Precio <\/span> <\/th>\n<td class=\"apm-tablemodule-valuecell apm-checked selected\" style=\"width:191px\"> <span class=\"a-price\" data-a-size=\"medium_plus\" data-a-color=\"base\"><span class=\"a-offscreen\">4,70\u00a0\u20ac<\/span><span aria-hidden=\"true\"><span class=\"a-price-symbol\">\u20ac<\/span><span class=\"a-price-whole\">4<span class=\"a-price-decimal\">,<\/span><\/span><span class=\"a-price-fraction\">70<\/span><\/span><\/span> <\/td>\n<td class=\"apm-tablemodule-valuecell apm-checked selected\" style=\"width:191px\"> <span class=\"a-price\" data-a-size=\"medium_plus\" data-a-color=\"base\"><span class=\"a-offscreen\">5,09\u00a0\u20ac<\/span><span aria-hidden=\"true\"><span class=\"a-price-symbol\">\u20ac<\/span><span class=\"a-price-whole\">5<span class=\"a-price-decimal\">,<\/span><\/span><span class=\"a-price-fraction\">09<\/span><\/span><\/span> <\/td>\n<td class=\"apm-tablemodule-valuecell apm-checked\" style=\"width:191px\"> <span class=\"a-price\" data-a-size=\"medium_plus\" data-a-color=\"base\"><span class=\"a-offscreen\">5,79\u00a0\u20ac<\/span><span aria-hidden=\"true\"><span class=\"a-price-symbol\">\u20ac<\/span><span class=\"a-price-whole\">5<span class=\"a-price-decimal\">,<\/span><\/span><span class=\"a-price-fraction\">79<\/span><\/span><\/span> <\/td>\n<td class=\"apm-tablemodule-valuecell apm-checked\" style=\"width:191px\"> <span class=\"a-price\" data-a-size=\"medium_plus\" data-a-color=\"base\"><span class=\"a-offscreen\">2,75\u00a0\u20ac<\/span><span aria-hidden=\"true\"><span class=\"a-price-symbol\">\u20ac<\/span><span class=\"a-price-whole\">2<span class=\"a-price-decimal\">,<\/span><\/span><span class=\"a-price-fraction\">75<\/span><\/span><\/span> <\/td>\n<td class=\"apm-tablemodule-valuecell apm-checked\" style=\"width:191px\"> &#8212; <span class=\"apm-visually-hidden\">no data<\/span> <\/td>\n<td class=\"apm-tablemodule-valuecell apm-checked\" style=\"width:191px\"> &#8212; <span class=\"apm-visually-hidden\">no data<\/span> <\/td>\n<\/tr>\n<tr class=\"apm-tablemodule-keyvalue\">\n<th class=\"apm-tablemodule-keyhead\"> <span class=\"a-color-secondary\"> Product range <\/span> <\/th>\n<td class=\"apm-tablemodule-valuecell selected\" style=\"width:191px\"> <span class=\"a-size-base\"> Organic <\/span> <\/td>\n<td class=\"apm-tablemodule-valuecell selected\" style=\"width:191px\"> <span class=\"a-size-base\"> Organic <\/span> <\/td>\n<td class=\"apm-tablemodule-valuecell\" style=\"width:191px\"> <span class=\"a-size-base\"> ProComfort <\/span> <\/td>\n<td class=\"apm-tablemodule-valuecell\" style=\"width:191px\"> <span class=\"a-size-base\"> ProComfort <\/span> <\/td>\n<td class=\"apm-tablemodule-valuecell\" style=\"width:191px\"> <span class=\"a-size-base\"> ProComfort <\/span> <\/td>\n<td class=\"apm-tablemodule-valuecell\" style=\"width:191px\"> <span class=\"a-size-base\"> ProComfort <\/span> <\/td>\n<\/tr>\n<tr class=\"apm-tablemodule-keyvalue\">\n<th class=\"apm-tablemodule-keyhead\"> <span class=\"a-color-secondary\"> Special feature <\/span> <\/th>\n<td class=\"apm-tablemodule-valuecell selected\" style=\"width:191px\"> <span class=\"a-size-base\"> Hecho de algod\u00f3n 100% org\u00e1nico <\/span> <\/td>\n<td class=\"apm-tablemodule-valuecell selected\" style=\"width:191px\"> <span class=\"a-size-base\"> Hecho de algod\u00f3n 100% org\u00e1nico <\/span> <\/td>\n<td class=\"apm-tablemodule-valuecell\" style=\"width:191px\"> <span class=\"a-size-base\"> Est\u00e1n indicados para los d\u00edas en los que el flujo es moderado o intenso <\/span> <\/td>\n<td class=\"apm-tablemodule-valuecell\" style=\"width:191px\"> <span class=\"a-size-base\"> Est\u00e1n indicados para los d\u00edas con flujo intenso <\/span> <\/td>\n<td class=\"apm-tablemodule-valuecell\" style=\"width:191px\"> <span class=\"a-size-base\"> Est\u00e1n indicados para los d\u00edas con un flujo muy intenso <\/span> <\/td>\n<td class=\"apm-tablemodule-valuecell\" style=\"width:191px\"> <span class=\"a-size-base\"> Una buena opci\u00f3n para las chicas que empiezan a usar tampones y para los d\u00edas en los que el flujo es poco intenso <\/span> <\/td>\n<\/tr>\n<tr class=\"apm-tablemodule-keyvalue\">\n<th class=\"apm-tablemodule-keyhead\"> <span class=\"a-color-secondary\"> Absorbency level <\/span> <\/th>\n<td class=\"apm-tablemodule-valuecell selected\" style=\"width:191px\"> <span class=\"a-size-base\"> Normal <\/span> <\/td>\n<td class=\"apm-tablemodule-valuecell selected\" style=\"width:191px\"> <span class=\"a-size-base\"> Super <\/span> <\/td>\n<td class=\"apm-tablemodule-valuecell\" style=\"width:191px\"> <span class=\"a-size-base\"> Normal <\/span> <\/td>\n<td class=\"apm-tablemodule-valuecell\" style=\"width:191px\"> <span class=\"a-size-base\"> Super <\/span> <\/td>\n<td class=\"apm-tablemodule-valuecell\" style=\"width:191px\"> <span class=\"a-size-base\"> Super Plus <\/span> <\/td>\n<td class=\"apm-tablemodule-valuecell\" style=\"width:191px\"> <span class=\"a-size-base\"> Mini <\/span> <\/td>\n<\/tr>\n<\/tbody>\n<\/table>\n<\/div>\n<\/div>\n<\/div>\n<\/div>\n<\/div>\n<\/div>\n<\/div>\n<\/div>\n<h3>Descripci\u00f3n del producto<\/h3>\n<p>Descripci\u00f3n del producto<\/p>\n<p>OB ORGANIC Protecci\u00f3n Natural &#8211; Encuentra el tamp\u00f3n m\u00e1s adecuado para ti<\/p>\n<p>Sabemos que tener un cuerpo sano es importante para ti, especialmente durante esos d\u00edas del mes. Por eso, los tampones OB Organic no incluyen perfumes, productos qu\u00edmicos da\u00f1inos ni agentes blanqueantes con cloro. Su n\u00facleo absorbente de algod\u00f3n 100% ecol\u00f3gico y certificado se obtiene de forma sostenible. Adem\u00e1s, son hipoalerg\u00e9nicos (concebidos para minimizar el riesgo de alergia) y han sido probados cl\u00ednicamente por ginec\u00f3logos para garantizar tu salud y seguridad.<\/p>\n<p>Todos los tampones ob cuentan con una exclusiva cubierta SilkTouch, que hace que se deslicen suavemente para facilitar su introducci\u00f3n y extracci\u00f3n, y tecnolog\u00eda DynamicFit con expansi\u00f3n en 3D, con exclusivos surcos curvados retienen el flujo y lo empujan hacia su interior, garantizando una protecci\u00f3n y tranquilidad \u00fanicas.<\/p>\n<p>Los materiales utilizados para fabricar nuestros tampones tienen una certificaci\u00f3n independiente conforme al Standard 100 de OEKO-TEX, por superar los requisitos de seguridad m\u00e1s estrictos para productos textiles en contacto con la piel. Y desde 2010, la planta de fabricaci\u00f3n de o.b. en Wuppertal, Alemania, utiliza electricidad procedente \u00edntegramente de fuentes renovables.<\/p>\n<p>Ventajas del producto en detalle: Con algod\u00f3n 100% ecol\u00f3gico y certificado 0% sustancias qu\u00edmicas nocivas a\u00f1adidas* 0% blanqueamiento con cloro 0% fragancias Fabricados con energ\u00eda 100% renovable Envase 100% reciclable Cobertura SilkTouch Tecnolog\u00eda Dynamic Fit Absorbencia: s\u00faper Formato: 1 x 16 unidades<\/p>\n<p>*revisado y aprobado de acuerdo con el est\u00e1ndar GOTS &lt;\/p&gt; direcci\u00f3n<\/p>\n<p> Qu\u00edtate antes de dormir o hacer ejercicio. No utilizar durante m\u00e1s de 8 horas. Cambia con frecuencia, especialmente durante el flujo intenso. Advertencia de seguridad<\/p>\n<p> Mantener fuera del alcance de los ni\u00f1os. No utilizar si el sello est\u00e1 roto. Qu\u00edtate antes de dormir o hacer ejercicio. Cambia con frecuencia. No utilizar durante m\u00e1s de 8 horas. Deja de usarlo si experimentas molestias o flujo vaginal anormal. Si los s\u00edntomas persisten, consulta a tu proveedor de atenci\u00f3n m\u00e9dica. El s\u00edndrome de choque t\u00f3xico (TSS) es una enfermedad rara pero grave que puede ser causada por el uso de tampones. El TSS tambi\u00e9n puede ser causado por otros factores m\u00e9dicos y no m\u00e9dicos. TSS es una emergencia m\u00e9dica. Si experimenta alguno de los siguientes s\u00edntomas mientras usa un tamp\u00f3n, qu\u00edtelo y busque atenci\u00f3n m\u00e9dica inmediata: fiebre repentina, v\u00f3mitos, diarrea, mareos, desmayos, dolores musculares o sarpullido. Ver m\u00e1s<\/p>\n<h3>Detalles del producto<\/h3>\n<ul>\n<li>Dimensiones del producto : 3,2 x 12,2 x 5,5 cm; 60 g<\/li>\n<li>Producto en Amazon.es desde : 24 marzo 2021<\/li>\n<li>Fabricante : O.B.TAMPONES<\/li>\n<li>ASIN : B091JN6XRC<\/li>\n<li>N\u00famero de modelo del producto : 3100200<\/li>\n<li>Pa\u00eds de origen : Francia<\/li>\n<li>Clasificaci\u00f3n en los m\u00e1s vendidos de Amazon: n\u00ba16.223 en Salud y cuidado personal (Ver el Top 100 en Salud y cuidado personal) n\u00ba28 en Tampones<\/li>\n<li>n\u00ba28 en Tampones<\/li>\n<li>Opiniones de los clientes: 4,4 4,4 de 5 estrellas 284 valoraciones<\/li>\n<\/ul>\n<h3>Recursos de seguridad y productos<\/h3>\n<p>Recursos de seguridad y productosIm\u00e1genes y contactosIm\u00e1genes y contactos de seguridad Recursos de seguridad y productosProblema al cargar la informaci\u00f3nLo sentimos, no hemos podido mostrar la informaci\u00f3n debido a un problema. Vuelve a cargar la p\u00e1gina o int\u00e9ntalo de nuevo m\u00e1s tarde.Im\u00e1genes y contactos Im\u00e1genes de seguridad del producto Informaci\u00f3n del fabricante Persona responsable Problema al cargar la informaci\u00f3nLo sentimos, no hemos podido mostrar la informaci\u00f3n de la persona responsable debido a un problema. Vuelve a cargar la p\u00e1gina o int\u00e9ntalo de nuevo m\u00e1s tarde.Problema al cargar la informaci\u00f3nLo sentimos, no hemos podido mostrar la informaci\u00f3n del fabricante debido a un problema. Vuelve a cargar la p\u00e1gina o int\u00e9ntalo de nuevo m\u00e1s tarde.Problema al cargar la informaci\u00f3nLo sentimos, no hemos podido mostrar las im\u00e1genes de seguridad del producto debido a un problema. Vuelve a cargar la p\u00e1gina o int\u00e9ntalo de nuevo m\u00e1s tarde.<\/p>\n<table id=\"productDetails_techSpec_section_1\" class=\"a-keyvalue prodDetTable\">\n<tr>\n<th class=\"a-color-secondary a-size-base prodDetSectionEntry\"> Fabricante <\/th>\n<td class=\"a-size-base prodDetAttrValue\"> &lrm;O.B.TAMPONES <\/td>\n<\/tr>\n<tr>\n<th class=\"a-color-secondary a-size-base prodDetSectionEntry\"> N\u00famero de modelo del producto <\/th>\n<td class=\"a-size-base prodDetAttrValue\"> &lrm;3100200 <\/td>\n<\/tr>\n<tr>\n<th class=\"a-color-secondary a-size-base prodDetSectionEntry\"> Dimensiones del producto <\/th>\n<td class=\"a-size-base prodDetAttrValue\"> &lrm;3,2 x 12,2 x 5,5 cm; 60 g <\/td>\n<\/tr>\n<tr>\n<th class=\"a-color-secondary a-size-base prodDetSectionEntry\"> ASIN <\/th>\n<td class=\"a-size-base prodDetAttrValue\"> &lrm;B091JN6XRC <\/td>\n<\/tr>\n<\/table><\/div>\n","protected":false},"excerpt":{"rendered":"<p>M\u00e1s informaci\u00f3n del producto o.b. Organic Normal o.b. Organic Super o.b. ProComfort Normal o.b. ProComfort Super o.b. ProComfort Super Plus o.b. ProComfort Mini Opciones de compra Opciones de compra Opiniones de clientes 4,4 de 5 estrellas 284 4,4 de 5 estrellas 284 4,7 de 5 estrellas 216 4,7 de 5 estrellas 460 4,2 de 5 &hellip; <a href=\"https:\/\/ecotienda.com\/?product=o-b-organic-tampones-de-algodon-100-organico-1-x-16-unidades-tampones-sin-aplicador-de-absorbencia-super-tampones-desechables-libres-de-sustancias-nocivas\" class=\"more-link\">Continue reading <span class=\"screen-reader-text\">o. b. ORGANIC Tampones de algod\u00f3n 100% org\u00e1nico (1 x 16 unidades), tampones sin aplicador de absorbencia s\u00faper, tampones desechables libres de sustancias nocivas<\/span><\/a><\/p>\n","protected":false},"featured_media":5683,"comment_status":"open","ping_status":"closed","template":"","meta":[],"product_cat":[190],"product_tag":[],"class_list":{"0":"post-5683","1":"product","2":"type-product","3":"status-publish","4":"has-post-thumbnail","6":"product_brand-visita-la-tienda-de-o-b","7":"product_cat-periodo","9":"first","10":"instock","11":"shipping-taxable","12":"purchasable","13":"product-type-variable"},"_links":{"self":[{"href":"https:\/\/ecotienda.com\/index.php?rest_route=\/wp\/v2\/product\/5683","targetHints":{"allow":["GET"]}}],"collection":[{"href":"https:\/\/ecotienda.com\/index.php?rest_route=\/wp\/v2\/product"}],"about":[{"href":"https:\/\/ecotienda.com\/index.php?rest_route=\/wp\/v2\/types\/product"}],"replies":[{"embeddable":true,"href":"https:\/\/ecotienda.com\/index.php?rest_route=%2Fwp%2Fv2%2Fcomments&post=5683"}],"wp:featuredmedia":[{"embeddable":true,"href":"https:\/\/ecotienda.com\/index.php?rest_route=\/wp\/v2\/product\/5683"}],"wp:attachment":[{"href":"https:\/\/ecotienda.com\/index.php?rest_route=%2Fwp%2Fv2%2Fmedia&parent=5683"}],"wp:term":[{"taxonomy":"product_cat","embeddable":true,"href":"https:\/\/ecotienda.com\/index.php?rest_route=%2Fwp%2Fv2%2Fproduct_cat&post=5683"},{"taxonomy":"product_tag","embeddable":true,"href":"https:\/\/ecotienda.com\/index.php?rest_route=%2Fwp%2Fv2%2Fproduct_tag&post=5683"}],"curies":[{"name":"wp","href":"https:\/\/api.w.org\/{rel}","templated":true}]}}