{"id":5693,"date":"2025-11-23T11:52:54","date_gmt":"2025-11-23T10:52:54","guid":{"rendered":"https:\/\/ecotienda.com\/?product=tampon-normal-sin-aplicador-100-algodon-ecologico-silvercare"},"modified":"2025-11-23T11:52:56","modified_gmt":"2025-11-23T10:52:56","slug":"tampon-normal-sin-aplicador-100-algodon-ecologico-silvercare","status":"publish","type":"product","link":"https:\/\/ecotienda.com\/?product=tampon-normal-sin-aplicador-100-algodon-ecologico-silvercare","title":{"rendered":"Tamp\u00f3n normal sin aplicador \u2013 100 % algod\u00f3n ecol\u00f3gico \u2013 SilverCare"},"content":{"rendered":"<div class=\"woocommerce-product-details\">\n<h3>Descripci\u00f3n del producto<\/h3>\n<p>Tampones Silvercare sin aplicadores para flujo normal a s\u00faper-plus. Hechos con algod\u00f3n 100 % org\u00e1nico, los tampones Silvercare proporcionan protecci\u00f3n y comodidad: Hipoalerg\u00e9nicos: reducen el riesgo de irritaci\u00f3n y alergias. Velo de protecci\u00f3n que cubre el n\u00facleo absorbente: evita la adherencia de las fibras a las membranas mucosas. Cord\u00f3n retr\u00e1ctil totalmente cosido. Blanqueamiento sin cloro o dioxinas. Garantizados 100 % sin pulpa de celulosa. Flujo normal y s\u00faper: Cajas de 18 tampones. Flujo s\u00faper-plus: Caja de 15 tampones.<\/p>\n<h3>Detalles del producto<\/h3>\n<ul>\n<li>Descatalogado por el fabricante : No<\/li>\n<li>Producto en Amazon.es desde : 13 marzo 2017<\/li>\n<li>Fabricante : Silvercare<\/li>\n<li>ASIN : B01CVITZMC<\/li>\n<li>Referencia del fabricante : DG-000147<\/li>\n<\/ul>\n<h3>Recursos de seguridad y productos<\/h3>\n<p>Recursos de seguridad y productosIm\u00e1genes y contactosIm\u00e1genes y contactos de seguridad Recursos de seguridad y productosProblema al cargar la informaci\u00f3nLo sentimos, no hemos podido mostrar la informaci\u00f3n debido a un problema. Vuelve a cargar la p\u00e1gina o int\u00e9ntalo de nuevo m\u00e1s tarde.Im\u00e1genes y contactos Im\u00e1genes de seguridad del producto Informaci\u00f3n del fabricante Persona responsable Problema al cargar la informaci\u00f3nLo sentimos, no hemos podido mostrar la informaci\u00f3n de la persona responsable debido a un problema. Vuelve a cargar la p\u00e1gina o int\u00e9ntalo de nuevo m\u00e1s tarde.Problema al cargar la informaci\u00f3nLo sentimos, no hemos podido mostrar la informaci\u00f3n del fabricante debido a un problema. Vuelve a cargar la p\u00e1gina o int\u00e9ntalo de nuevo m\u00e1s tarde.Problema al cargar la informaci\u00f3nLo sentimos, no hemos podido mostrar las im\u00e1genes de seguridad del producto debido a un problema. Vuelve a cargar la p\u00e1gina o int\u00e9ntalo de nuevo m\u00e1s tarde.<\/p>\n<table id=\"productDetails_techSpec_section_1\" class=\"a-keyvalue prodDetTable\">\n<tr>\n<th class=\"a-color-secondary a-size-base prodDetSectionEntry\"> Dimensiones del paquete <\/th>\n<td class=\"a-size-base prodDetAttrValue\"> &lrm;7.8 x 5.8 x 3.8 cent\u00edmetros <\/td>\n<\/tr>\n<tr>\n<th class=\"a-color-secondary a-size-base prodDetSectionEntry\"> Marca <\/th>\n<td class=\"a-size-base prodDetAttrValue\"> &lrm;Silver Care <\/td>\n<\/tr>\n<tr>\n<th class=\"a-color-secondary a-size-base prodDetSectionEntry\"> Aroma <\/th>\n<td class=\"a-size-base prodDetAttrValue\"> &lrm;Sin perfume. <\/td>\n<\/tr>\n<tr>\n<th class=\"a-color-secondary a-size-base prodDetSectionEntry\"> Fabricante <\/th>\n<td class=\"a-size-base prodDetAttrValue\"> &lrm;Silvercare <\/td>\n<\/tr>\n<tr>\n<th class=\"a-color-secondary a-size-base prodDetSectionEntry\"> Referencia del fabricante <\/th>\n<td class=\"a-size-base prodDetAttrValue\"> &lrm;DG-000147 <\/td>\n<\/tr>\n<tr>\n<th class=\"a-color-secondary a-size-base prodDetSectionEntry\"> ASIN <\/th>\n<td class=\"a-size-base prodDetAttrValue\"> &lrm;B01CVITZMC <\/td>\n<\/tr>\n<\/table><\/div>\n","protected":false},"excerpt":{"rendered":"<ul>\n<li> Tamp\u00f3n de algod\u00f3n org\u00e1nico, tama\u00f1o normal, y sin aplicador (caja de 18 unidades).  <\/li>\n<li> Los tampones ecol\u00f3gicos de Silvercare est\u00e1n disponibles con o sin un aplicador, y en 3 tama\u00f1os: normal, s\u00faper y s\u00faper-plus. Hechos de algod\u00f3n 100 % org\u00e1nico,el tamp\u00f3n higi\u00e9nico Silvercare es hipoalerg\u00e9nico para reducir el riesgo de irritaci\u00f3n y alergia. El n\u00facleo absorbente est\u00e1 cubierto con un velo protector espec\u00edfico para evitar que las fibras se adhieran al interior del cuerpo durante la extracci\u00f3n. Cord\u00f3n de retirada.  <\/li>\n<li> Algod\u00f3n org\u00e1nico certificado 2010-009 puro.  <\/li>\n<li> &#8211;  <\/li>\n<\/ul>\n","protected":false},"featured_media":5693,"comment_status":"open","ping_status":"closed","template":"","meta":[],"product_cat":[190],"product_tag":[],"class_list":{"0":"post-5693","1":"product","2":"type-product","3":"status-publish","4":"has-post-thumbnail","6":"product_brand-marca-silver-care","7":"product_cat-periodo","9":"first","10":"instock","11":"sale","12":"shipping-taxable","13":"purchasable","14":"product-type-simple"},"_links":{"self":[{"href":"https:\/\/ecotienda.com\/index.php?rest_route=\/wp\/v2\/product\/5693","targetHints":{"allow":["GET"]}}],"collection":[{"href":"https:\/\/ecotienda.com\/index.php?rest_route=\/wp\/v2\/product"}],"about":[{"href":"https:\/\/ecotienda.com\/index.php?rest_route=\/wp\/v2\/types\/product"}],"replies":[{"embeddable":true,"href":"https:\/\/ecotienda.com\/index.php?rest_route=%2Fwp%2Fv2%2Fcomments&post=5693"}],"wp:featuredmedia":[{"embeddable":true,"href":"https:\/\/ecotienda.com\/index.php?rest_route=\/wp\/v2\/product\/5693"}],"wp:attachment":[{"href":"https:\/\/ecotienda.com\/index.php?rest_route=%2Fwp%2Fv2%2Fmedia&parent=5693"}],"wp:term":[{"taxonomy":"product_cat","embeddable":true,"href":"https:\/\/ecotienda.com\/index.php?rest_route=%2Fwp%2Fv2%2Fproduct_cat&post=5693"},{"taxonomy":"product_tag","embeddable":true,"href":"https:\/\/ecotienda.com\/index.php?rest_route=%2Fwp%2Fv2%2Fproduct_tag&post=5693"}],"curies":[{"name":"wp","href":"https:\/\/api.w.org\/{rel}","templated":true}]}}