{"id":5696,"date":"2025-11-23T11:53:03","date_gmt":"2025-11-23T10:53:03","guid":{"rendered":"https:\/\/ecotienda.com\/?product=tampones-natural-cotton-super-14-unidades-de-masmi-natural-cotton"},"modified":"2025-11-23T11:53:04","modified_gmt":"2025-11-23T10:53:04","slug":"tampones-natural-cotton-super-14-unidades-de-masmi-natural-cotton","status":"publish","type":"product","link":"https:\/\/ecotienda.com\/?product=tampones-natural-cotton-super-14-unidades-de-masmi-natural-cotton","title":{"rendered":"Tampones Natural Cotton Super 14 unidades de Masmi Natural Cotton"},"content":{"rendered":"<div class=\"woocommerce-product-details\">\n<h3>Detalles del producto<\/h3>\n<ul>\n<li>Producto en Amazon.es desde : 15 febrero 2017<\/li>\n<li>Fabricante : Masmi Natural Cotton<\/li>\n<li>ASIN : B01M3UC3DQ<\/li>\n<li>Referencia del fabricante : 35722-01<\/li>\n<li>Pa\u00eds de origen : Espa\u00f1a<\/li>\n<li>Clasificaci\u00f3n en los m\u00e1s vendidos de Amazon: n\u00ba143.192 en Salud y cuidado personal (Ver el Top 100 en Salud y cuidado personal) n\u00ba219 en Tampones<\/li>\n<li>n\u00ba219 en Tampones<\/li>\n<\/ul>\n<h3>Recursos de seguridad y productos<\/h3>\n<p>Recursos de seguridad y productosIm\u00e1genes y contactosIm\u00e1genes y contactos de seguridad Recursos de seguridad y productosProblema al cargar la informaci\u00f3nLo sentimos, no hemos podido mostrar la informaci\u00f3n debido a un problema. Vuelve a cargar la p\u00e1gina o int\u00e9ntalo de nuevo m\u00e1s tarde.Im\u00e1genes y contactos Im\u00e1genes de seguridad del producto Informaci\u00f3n del fabricante Persona responsable Problema al cargar la informaci\u00f3nLo sentimos, no hemos podido mostrar la informaci\u00f3n de la persona responsable debido a un problema. Vuelve a cargar la p\u00e1gina o int\u00e9ntalo de nuevo m\u00e1s tarde.Problema al cargar la informaci\u00f3nLo sentimos, no hemos podido mostrar la informaci\u00f3n del fabricante debido a un problema. Vuelve a cargar la p\u00e1gina o int\u00e9ntalo de nuevo m\u00e1s tarde.Problema al cargar la informaci\u00f3nLo sentimos, no hemos podido mostrar las im\u00e1genes de seguridad del producto debido a un problema. Vuelve a cargar la p\u00e1gina o int\u00e9ntalo de nuevo m\u00e1s tarde.<\/p>\n<table id=\"productDetails_techSpec_section_1\" class=\"a-keyvalue prodDetTable\">\n<tr>\n<th class=\"a-color-secondary a-size-base prodDetSectionEntry\"> Fabricante <\/th>\n<td class=\"a-size-base prodDetAttrValue\"> &lrm;Masmi Natural Cotton <\/td>\n<\/tr>\n<tr>\n<th class=\"a-color-secondary a-size-base prodDetSectionEntry\"> Referencia del fabricante <\/th>\n<td class=\"a-size-base prodDetAttrValue\"> &lrm;35722-01 <\/td>\n<\/tr>\n<tr>\n<th class=\"a-color-secondary a-size-base prodDetSectionEntry\"> ASIN <\/th>\n<td class=\"a-size-base prodDetAttrValue\"> &lrm;B01M3UC3DQ <\/td>\n<\/tr>\n<\/table><\/div>\n","protected":false},"excerpt":{"rendered":"<p>Detalles del producto Producto en Amazon.es desde : 15 febrero 2017 Fabricante : Masmi Natural Cotton ASIN : B01M3UC3DQ Referencia del fabricante : 35722-01 Pa\u00eds de origen : Espa\u00f1a Clasificaci\u00f3n en los m\u00e1s vendidos de Amazon: n\u00ba143.192 en Salud y cuidado personal (Ver el Top 100 en Salud y cuidado personal) n\u00ba219 en Tampones n\u00ba219 &hellip; <a href=\"https:\/\/ecotienda.com\/?product=tampones-natural-cotton-super-14-unidades-de-masmi-natural-cotton\" class=\"more-link\">Continue reading <span class=\"screen-reader-text\">Tampones Natural Cotton Super 14 unidades de Masmi Natural Cotton<\/span><\/a><\/p>\n","protected":false},"featured_media":5696,"comment_status":"open","ping_status":"closed","template":"","meta":[],"product_cat":[190],"product_tag":[],"class_list":{"0":"post-5696","1":"product","2":"type-product","3":"status-publish","4":"has-post-thumbnail","6":"product_brand-marca-masmi","7":"product_cat-periodo","9":"first","10":"instock","11":"sale","12":"shipping-taxable","13":"purchasable","14":"product-type-simple"},"_links":{"self":[{"href":"https:\/\/ecotienda.com\/index.php?rest_route=\/wp\/v2\/product\/5696","targetHints":{"allow":["GET"]}}],"collection":[{"href":"https:\/\/ecotienda.com\/index.php?rest_route=\/wp\/v2\/product"}],"about":[{"href":"https:\/\/ecotienda.com\/index.php?rest_route=\/wp\/v2\/types\/product"}],"replies":[{"embeddable":true,"href":"https:\/\/ecotienda.com\/index.php?rest_route=%2Fwp%2Fv2%2Fcomments&post=5696"}],"wp:featuredmedia":[{"embeddable":true,"href":"https:\/\/ecotienda.com\/index.php?rest_route=\/wp\/v2\/product\/5696"}],"wp:attachment":[{"href":"https:\/\/ecotienda.com\/index.php?rest_route=%2Fwp%2Fv2%2Fmedia&parent=5696"}],"wp:term":[{"taxonomy":"product_cat","embeddable":true,"href":"https:\/\/ecotienda.com\/index.php?rest_route=%2Fwp%2Fv2%2Fproduct_cat&post=5696"},{"taxonomy":"product_tag","embeddable":true,"href":"https:\/\/ecotienda.com\/index.php?rest_route=%2Fwp%2Fv2%2Fproduct_tag&post=5696"}],"curies":[{"name":"wp","href":"https:\/\/api.w.org\/{rel}","templated":true}]}}