{"id":5806,"date":"2025-11-23T12:11:27","date_gmt":"2025-11-23T11:11:27","guid":{"rendered":"https:\/\/ecotienda.com\/?product=ursu-9-agua-mineral-natural-alcalina-ph-9-pack-ahorro-36-x-330-ml-6-packs-x-6"},"modified":"2025-11-23T12:11:29","modified_gmt":"2025-11-23T11:11:29","slug":"ursu-9-agua-mineral-natural-alcalina-ph-9-pack-ahorro-36-x-330-ml-6-packs-x-6","status":"publish","type":"product","link":"https:\/\/ecotienda.com\/?product=ursu-9-agua-mineral-natural-alcalina-ph-9-pack-ahorro-36-x-330-ml-6-packs-x-6","title":{"rendered":"URSU 9 Agua Mineral Natural Alcalina pH 9 \u2013 Pack Ahorro 36 \u00d7 330 ml (6 packs \u00d7 6)"},"content":{"rendered":"<div class=\"woocommerce-product-details\">\n<h3>Descripci\u00f3n del producto<\/h3>\n<p>Descripci\u00f3n del producto<\/p>\n<p> Descubre el Agua Mineral Natural URSU 9 Alcalina, tu aliada perfecta para una hidrataci\u00f3n \u00f3ptima y un estilo de vida saludable. Presentada en un conveniente pack ahorro, esta caja contiene 36 botellas de 33cl, distribuidas en 6 pr\u00e1cticos packs de 6 unidades cada uno, de agua pura de manantial. URSU 9 se caracteriza por su pH alcalino de 9, lo que la convierte en una elecci\u00f3n excelente para quienes buscan equilibrar su organismo y disfrutar de un agua ligera y de agradable sabor. Su formato individual de 33cl en botella PET es ideal para llevar a cualquier parte, asegurando que siempre tengas a tu disposici\u00f3n una fuente de hidrataci\u00f3n de calidad. Esta agua mineral natural es perfecta para el consumo diario, para deportistas, y para toda la familia. Ingredientes<\/p>\n<p> Agua<\/p>\n<h3>Recursos de seguridad y productos<\/h3>\n<p>Recursos de seguridad y productosIm\u00e1genes y contactosIm\u00e1genes y contactos de seguridad Recursos de seguridad y productosProblema al cargar la informaci\u00f3nLo sentimos, no hemos podido mostrar la informaci\u00f3n debido a un problema. Vuelve a cargar la p\u00e1gina o int\u00e9ntalo de nuevo m\u00e1s tarde.Im\u00e1genes y contactos Im\u00e1genes de seguridad del producto Informaci\u00f3n del fabricante Persona responsable Problema al cargar la informaci\u00f3nLo sentimos, no hemos podido mostrar la informaci\u00f3n de la persona responsable debido a un problema. Vuelve a cargar la p\u00e1gina o int\u00e9ntalo de nuevo m\u00e1s tarde.Problema al cargar la informaci\u00f3nLo sentimos, no hemos podido mostrar la informaci\u00f3n del fabricante debido a un problema. Vuelve a cargar la p\u00e1gina o int\u00e9ntalo de nuevo m\u00e1s tarde.Problema al cargar la informaci\u00f3nLo sentimos, no hemos podido mostrar las im\u00e1genes de seguridad del producto debido a un problema. Vuelve a cargar la p\u00e1gina o int\u00e9ntalo de nuevo m\u00e1s tarde.<\/p>\n<table id=\"productDetails_techSpec_section_1\" class=\"a-keyvalue prodDetTable\">\n<tr>\n<th class=\"a-color-secondary a-size-base prodDetSectionEntry\"> Dimensiones del paquete <\/th>\n<td class=\"a-size-base prodDetAttrValue\"> &lrm;325 x 260 x 170 cm; 12 kg <\/td>\n<\/tr>\n<tr>\n<th class=\"a-color-secondary a-size-base prodDetSectionEntry\"> Aditivos <\/th>\n<td class=\"a-size-base prodDetAttrValue\"> &lrm;Agua Mineral Natural, Agua Alcalina pH 9 <\/td>\n<\/tr>\n<tr>\n<th class=\"a-color-secondary a-size-base prodDetSectionEntry\"> Unidades <\/th>\n<td class=\"a-size-base prodDetAttrValue\"> &lrm;11880.0 Millilitros <\/td>\n<\/tr>\n<tr>\n<th class=\"a-color-secondary a-size-base prodDetSectionEntry\"> Marca <\/th>\n<td class=\"a-size-base prodDetAttrValue\"> &lrm;URSU9 <\/td>\n<\/tr>\n<tr>\n<th class=\"a-color-secondary a-size-base prodDetSectionEntry\"> Forma del Art\u00edculo <\/th>\n<td class=\"a-size-base prodDetAttrValue\"> &lrm;L\u00edquido <\/td>\n<\/tr>\n<tr>\n<th class=\"a-color-secondary a-size-base prodDetSectionEntry\"> Fabricante <\/th>\n<td class=\"a-size-base prodDetAttrValue\"> &lrm;AGUAS MINERALES DE AVILA, S.A <\/td>\n<\/tr>\n<tr>\n<th class=\"a-color-secondary a-size-base prodDetSectionEntry\"> Peso del producto <\/th>\n<td class=\"a-size-base prodDetAttrValue\"> &lrm;12 kg <\/td>\n<\/tr>\n<tr>\n<th class=\"a-color-secondary a-size-base prodDetSectionEntry\"> Pa\u00eds de origen <\/th>\n<td class=\"a-size-base prodDetAttrValue\"> &lrm;Espa\u00f1a <\/td>\n<\/tr>\n<\/table><\/div>\n","protected":false},"excerpt":{"rendered":"<ul>\n<li> \ud83d\udce6 PACK AHORRO 36 BOTELLAS: Recibe una caja con 6 packs, cada uno conteniendo 6 botellas de 33cl de Agua Mineral Natural URSU 9. Un total de 36 botellas para asegurar tu hidrataci\u00f3n.  <\/li>\n<li> \ud83d\udca7 AGUA ALCALINA pH9: Disfruta de los beneficios del agua URSU con un pH9, ideal para quienes buscan un agua con propiedades alcalinas y una mineralizaci\u00f3n equilibrada. Procede de manantial.  <\/li>\n<li> \ud83c\udfc3\u200d\u2640\ufe0f FORMATO PR\u00c1CTICO 33CL: Botellas PET ligeras y de tama\u00f1o perfecto para llevar contigo al trabajo, al gimnasio, de excursi\u00f3n o para tener siempre a mano en casa. F\u00e1cil de transportar y almacenar.  <\/li>\n<\/ul>\n","protected":false},"featured_media":5806,"comment_status":"open","ping_status":"closed","template":"","meta":[],"product_cat":[143],"product_tag":[],"class_list":{"0":"post-5806","1":"product","2":"type-product","3":"status-publish","4":"has-post-thumbnail","6":"product_brand-visita-la-tienda-de-ursu9","7":"product_cat-agua","9":"first","10":"instock","11":"shipping-taxable","12":"purchasable","13":"product-type-simple"},"_links":{"self":[{"href":"https:\/\/ecotienda.com\/index.php?rest_route=\/wp\/v2\/product\/5806","targetHints":{"allow":["GET"]}}],"collection":[{"href":"https:\/\/ecotienda.com\/index.php?rest_route=\/wp\/v2\/product"}],"about":[{"href":"https:\/\/ecotienda.com\/index.php?rest_route=\/wp\/v2\/types\/product"}],"replies":[{"embeddable":true,"href":"https:\/\/ecotienda.com\/index.php?rest_route=%2Fwp%2Fv2%2Fcomments&post=5806"}],"wp:featuredmedia":[{"embeddable":true,"href":"https:\/\/ecotienda.com\/index.php?rest_route=\/wp\/v2\/product\/5806"}],"wp:attachment":[{"href":"https:\/\/ecotienda.com\/index.php?rest_route=%2Fwp%2Fv2%2Fmedia&parent=5806"}],"wp:term":[{"taxonomy":"product_cat","embeddable":true,"href":"https:\/\/ecotienda.com\/index.php?rest_route=%2Fwp%2Fv2%2Fproduct_cat&post=5806"},{"taxonomy":"product_tag","embeddable":true,"href":"https:\/\/ecotienda.com\/index.php?rest_route=%2Fwp%2Fv2%2Fproduct_tag&post=5806"}],"curies":[{"name":"wp","href":"https:\/\/api.w.org\/{rel}","templated":true}]}}